253?
2
What is the units digit of 13072333?
3
What is the units digit of 958646?
6
What is the hundreds digit of 4391017?
0
What is the millions digit of 4882107?
4
What is the tens digit of 3996197?
9
What is the millions digit of 1298076?
1
What is the ten thousands digit of 6628695?
2
What is the hundreds digit of 955129?
1
What is the hundred thousands digit of 13641449?
6
What is the hundred thousands digit of 3986857?
9
What is the ten thousands digit of 474344?
7
What is the thousands digit of 2788922?
8
What is the millions digit of 9338130?
9
What is the hundred thousands digit of 13385249?
3
What is the hundreds digit of 103090?
0
What is the ten thousands digit of 484648?
8
What is the ten thousands digit of 629315?
2
What is the hundred thousands digit of 4925559?
9
What is the ten thousands digit of 26748488?
4
What is the thousands digit of 5438305?
8
What is the hundreds digit of 102934?
9
What is the hundred thousands digit of 576755?
5
What is the thousands digit of 1191?
1
What is the units digit of 2249821?
1
What is the units digit of 1965898?
8
What is the thousands digit of 27436?
7
What is the thousands digit of 182944?
2
What is the tens digit of 7123540?
4
What is the units digit of 6051254?
4
What is the units digit of 220242?
2
What is the tens digit of 400151?
5
What is the ten thousands digit of 425650?
2
What is the tens digit of 3766687?
8
What is the thousands digit of 15999?
5
What is the hundred thousands digit of 442244?
4
What is the thousands digit of 2752982?
2
What is the units digit of 83825?
5
What is the units digit of 1632735?
5
What is the units digit of 2435236?
6
What is the hundreds digit of 506019?
0
What is the ten thousands digit of 778012?
7
What is the thousands digit of 14685948?
5
What is the units digit of 16132862?
2
What is the hundred thousands digit of 32038829?
0
What is the hundred thousands digit of 249169?
2
What is the units digit of 863059?
9
What is the ten thousands digit of 1064580?
6
What is the units digit of 112438?
8
What is the thousands digit of 1178571?
8
What is the ten millions digit of 11626006?
1
What is the units digit of 542997?
7
What is the hundred thousands digit of 1015499?
0
What is the millions digit of 7423562?
7
What is the tens digit of 8803286?
8
What is the units digit of 4865012?
2
What is the thousands digit of 339209?
9
What is the hundred thousands digit of 3110275?
1
What is the thousands digit of 83028?
3
What is the tens digit of 836465?
6
What is the tens digit of 2228797?
9
What is the millions digit of 2336941?
2
What is the units digit of 121954?
4
What is the ten thousands digit of 105024?
0
What is the thousands digit of 2104966?
4
What is the thousands digit of 5833798?
3
What is the ten thousands digit of 2075107?
7
What is the tens digit of 128819?
1
What is the units digit of 33268?
8
What is the tens digit of 358524?
2
What is the tens digit of 1249135?
3
What is the tens digit of 999673?
7
What is the thousands digit of 2135868?
5
What is the hundred thousands digit of 135801?
1
What is the hundreds digit of 11699466?
4
What is the units digit of 138994?
4
What is the hundred thousands digit of 180626?
1
What is the units digit of 569491?
1
What is the hundreds digit of 468146?
1
What is the hundred thousands digit of 977263?
9
What is the ten thousands digit of 6385965?
8
What is the thousands digit of 2095175?
5
What is the ten thousands digit of 10167252?
6
What is the millions digit of 1353632?
1
What is the thousands digit of 61235?
1
What is the tens digit of 543914?
1
What is the ten thousands digit of 3198780?
9
What is the units digit of 1773333?
3
What is the hundreds digit of 46723?
7
What is the thousands digit of 475306?
5
What is the hundred thousands digit of 1558458?
5
What is the hundred thousands digit of 7309767?
3
What is the thousands digit of 3428551?
8
What is the ten thousands digit of 449021?
4
What is the units digit of 310031?
1
What is the thousands digit of 98336?
8
What is the millions digit of 1009312?
1
What is the ten thousands digit of 1151888?
5
What is the thousands digit of 463679?
3
What is the hundred thousands digit of 537352?
5
What is the thousands digit of 323926?
3
What is the tens digit of 656377?
7
What is the units digit of 162282?
2
What is the hundred thousands digit of 3816426?
8
What is the units digit of 2686681?
1
What is the hundreds digit of 1760933?
9
What is the hundreds digit of 257136?
1
What is the units digit of 1074270?
0
What is the hundreds digit of 959306?
3
What is the tens digit of 640130?
3
What is the thousands digit of 340293?
0
What is the hundreds digit of 317949?
9
What is the ten thousands digit of 2890118?
9
What is the thousands digit of 20716526?
6
What is the tens digit of 410041?
4
What is the hundreds digit of 2710941?
9
What is the tens digit of 10410611?
1
What is the tens digit of 18823894?
9
What is the ten thousands digit of 5325471?
2
What is the millions digit of 3736565?
3
What is the tens digit of 1419395?
9
What is the ten thousands digit of 1337375?
3
What is the hundred thousands digit of 1501247?
5
What is the units digit of 328880?
0
What is the ten thousands digit of 3742454?
4
What is the units digit of 11440653?
3
What is the thousands digit of 5157790?
7
What is the ten thousands digit of 2633911?
3
What is the hundred thousands digit of 14052464?
0
What is the tens digit of 2936984?
8
What is the hundred thousands digit of 191514?
1
What is the hundreds digit of 26377?
3
What is the thousands digit of 83027?
3
What is the hundred thousands digit of 836061?
8
What is the tens digit of 85829?
2
What is the thousands digit of 367406?
7
What is the hundred thousands digit of 354153?
3
What is the hundred thousands digit of 2934371?
9
What is the millions digit of 1337128?
1
What is the millions digit of 7114324?
7
What is the tens digit of 377116?
1
What is the tens digit of 57876?
7
What is the thousands digit of 3402943?
2
What is the hundred thousands digit of 208362?
2
What is the ten thousands digit of 519941?
1
What is the tens digit of 6202114?
1
What is the hundreds digit of 65982?
9
What is the thousands digit of 251989?
1
What is the hundred thousands digit of 1535331?
5
What is the units digit of 427347?
7
What is the units digit of 800325?
5
What is the hundred thousands digit of 1150753?
1
What is the hundreds digit of 1289616?
6
What is the ten thousands digit of 118239?
1
What is the hundred thousands digit of 6488448?
4
What is the thousands digit of 173492?
3
What is the units digit of 127656?
6
What is the tens digit of 3057730?
3
What is the hundreds digit of 1875315?
3
What is the hundreds digit of 1176246?
2
What is the tens digit of 610120?
2
What is the ten thousands digit of 792506?
9
What is the tens digit of 6569133?
3
What is the hundreds digit of 8865471?
4
What is the tens digit of 1176403?
0
What is the ten millions digit of 15175804?
1
What is the tens digit of 2739163?
6
What is the millions digit of 2654729?
2
What is the units digit of 4606698?
8
What is the ten thousands digit of 586443?
8
What is the thousands digit of 736919?
6
What is the hundred thousands digit of 684723?
6
What is the hundreds digit of 1116806?
8
What is the millions digit of 4693275?
4
What is the hundred thousands digit of 1207053?
2
What is the units digit of 496859?
9
What is the hundred thousands digit of 363116?
3
What is the units digit of 28467269?
9
What is the hundred thousands digit of 984929?
9
What is the hundreds digit of 75593?
5
What is the hundred thousands digit of 296673?
2
What is the hundreds digit of 41852?
8
What is the ten thousands digit of 7016106?
1
What is the units digit of 177961?
1
What is the hundreds digit of 29210?
2
What is the ten thousands digit of 4216693?
1
What is the units digit of 305578?
8
What is the tens digit of 244201?
0
What is the ten thousands digit of 181425?
8
What is the tens digit of 2221122?
2
What is the hundreds digit of 206682?
6
What is the hundred thousands digit of 351267?
3
What is the units digit of 3916993?
3
What is the thousands digit of 1414828?
4
What is the units digit of 5115406?
6
What is the hundred thousands digit of 6048376?
0
What is the hundreds digit of 3